umber?
False
Is 4679057233 prime?
False
Is 423275941 a prime number?
False
Is 1741322533 composite?
False
Is 2690766011 composite?
False
Is 112324039891 prime?
False
Is 1452227723 a composite number?
False
Is 221321326373 prime?
False
Is 114562927 composite?
False
Is 2098353529 a prime number?
False
Is 40769303 a prime number?
True
Is 1935574799 composite?
False
Is 70683741951 composite?
True
Is 2315272223 a composite number?
True
Is 28680989 a composite number?
True
Is 15814230251 a composite number?
False
Is 196700152459 composite?
False
Is 205175881 a prime number?
True
Is 3613527689 a prime number?
True
Is 981065093 a prime number?
True
Is 2075592782 a composite number?
True
Is 2850983579 prime?
False
Is 8720620801 a composite number?
True
Is 20263135385 composite?
True
Is 113638103 prime?
False
Is 1937662297 a prime number?
False
Is 6830536142 a composite number?
True
Is 829162159 composite?
True
Is 52236071 prime?
False
Is 2176866611 a prime number?
True
Is 1624876087 composite?
True
Is 879711377 composite?
False
Is 2341217329 a prime number?
False
Is 7322302937 composite?
False
Is 19226059799 prime?
True
Is 5144735477 a composite number?
True
Is 1750896857 prime?
False
Is 7623860857 a composite number?
False
Is 5459792213 prime?
False
Is 1060365101 prime?
True
Is 55729826803 prime?
False
Is 1099723873 a composite number?
False
Is 1276602953 a composite number?
True
Is 1265343769 composite?
True
Is 20264294207 composite?
False
Is 26021249809 prime?
False
Is 3031586101 prime?
True
Is 5305866119 a composite number?
True
Is 8510087654 composite?
True
Is 7957466711 a composite number?
False
Is 3102751706 prime?
False
Is 21276286543 a prime number?
False
Is 2789410079 a prime number?
False
Is 1548404743 a prime number?
False
Is 61248933659 a composite number?
False
Is 65757863 a prime number?
True
Is 3405126463 a composite number?
False
Is 177735637 composite?
False
Is 105474195191 prime?
False
Is 47094738547 a prime number?
False
Is 163774877449 a prime number?
True
Is 2852125541 a composite number?
True
Is 19859049211 composite?
True
Is 18763643147 a composite number?
True
Is 1646739373 a composite number?
False
Is 26249004671 prime?
False
Is 1019739095 a prime number?
False
Is 4196044571 prime?
True
Is 932067887 a prime number?
False
Is 14184693893 a composite number?
True
Is 2314910497 composite?
True
Is 4585264351 a prime number?
False
Is 5685935971 a composite number?
True
Is 137202007 prime?
True
Is 6380452657 a composite number?
True
Is 1129471307 a composite number?
False
Is 40859647817 a prime number?
False
Is 8704393127 a composite number?
True
Is 812859037 prime?
True
Is 78364907 a composite number?
False
Is 1968267583 composite?
False
Is 616379443 a prime number?
False
Is 4087641023 a prime number?
True
Is 34478923747 prime?
False
Is 343399753 a composite number?
True
Is 4783827373 a prime number?
False
Is 6799135111 prime?
False
Is 12541013497 a prime number?
False
Is 16786426414 a prime number?
False
Is 12756313049 a prime number?
False
Is 723606607 a prime number?
False
Is 55048145974 a prime number?
False
Is 2094581291 composite?
True
Is 3468145363 a composite number?
False
Is 156248705 prime?
False
Is 1727322643 composite?
True
Is 176916185119 a composite number?
False
Is 846714383 prime?
False
Is 4905634007 a composite number?
True
Is 4121623819 composite?
True
Is 2489574961 a composite number?
True
Is 13228988603 a prime number?
False
Is 2472677 prime?
True
Is 813630617 prime?
False
Is 138125161 a composite number?
False
Is 88398419903 a composite number?
True
Is 1055672179 a prime number?
False
Is 343684342147 prime?
True
Is 23749649943 a prime number?
False
Is 2985807977 composite?
False
Is 46733909 a prime number?
True
Is 11521390681 composite?
False
Is 5200210247 prime?
True
Is 7389739267 composite?
False
Is 15440287829 a composite number?
False
Is 98410324163 a composite number?
False
Is 1374532391 a prime number?
False
Is 12133708493 prime?
True
Is 1245947239 a composite number?
False
Is 12075678587 a prime number?
False
Is 663547141 a prime number?
False
Is 449152403 composite?
True
Is 26985094237 a prime number?
False
Is 57708385403 a composite number?
False
Is 196860877 prime?
True
Is 3964535821 composite?
False
Is 321326209 prime?
True
Is 185576448923 prime?
True
Is 38239064653 prime?
False
Is 7233927083 prime?
False
Is 841570321 composite?
True
Is 2788297169 prime?
False
Is 72759003169 a composite number?
False
Is 12013611227 a composite number?
False
Is 5008447981 composite?
True
Is 1785675251 composite?
False
Is 98263486942 prime?
False
Is 8282353 a composite number?
True
Is 4859552389 a composite number?
True
Is 28804194091 a prime number?
False
Is 593472423 composite?
True
Is 3693464387 a prime number?
False
Is 103315049 a composite number?
False
Is 1049697631 composite?
False
Is 405850741 a composite number?
True
Is 9431112701 composite?
True
Is 77117406127 composite?
False
Is 27955607 composite?
False
Is 494592353 prime?
True
Is 98970168349 a prime number?
False
Is 50435873 prime?
True
Is 133557639239 composite?
True
Is 472591961 a composite number?
False
Is 141113357113 a composite number?
True
Is 18696768319 composite?
False
Is 5039625709 a composite number?
True
Is 605707607 a composite number?
False
Is 149562779 composite?
False
Is 74247881 prime?
True
Is 170265133 composite?
False
Is 3856255901 composite?
False
Is 7309875721 a prime number?
True
Is 365381347 a prime number?
False
Is 96412912727 a composite number?
True
Is 1185998311 a composite number?
False
Is 30988862249 a composite number?
False
Is 18039830407 composite?
False
Is 12357088361 a prime number?
True
Is 153304517 a prime number?
False
Is 44002158479 composite?
False
Is 5450099309 a composite number?
True
Is 15493331233 a composite number?
True
Is 130215073 prime?
True
Is 315510551 a composite number?
False
Is 2651848777 composite?
True
Is 1891689907 prime?
True
Is 286002019 composite?
True
Is 268148603 composite?
True
Is 35400855001 composite?
True
Is 864327433 a composite number?
True
Is 669594259 a composite number?
True
Is 6895660693 prime?
True
Is 2163587197 composite?
False
Is 2552737399 composite?
False
Is 53162465513 a prime number?
True
Is 61523301351 a prime number?
False
Is 12054262651 composite?
True
Is 509355233 prime?
True
Is 1225581251 prime?
False
Is 1048941211 a prime number?
True
Is 1000346717 prime?
False
Is 485378063 prime?
True
Is 230635553 a composite number?
True
Is 332759059 a composite number?
False
Is 1102087333 a prime number?
True
Is 2157673591 a prime number?
False
Is 1793536319 a composite number?
False
Is 126208379 a prime number?
False
Is 13921922337 a composite number?
True
Is 40012094161 a prime number?
False
Is 10683256487 prime?
False
Is 5320881427 a prime number?
False
Is 1411986106 prime?
False
Is 15482036401 composite?
True
Is 8507673547 prime?
False
Is 1235313467 composite?
True
Is 214928560213 composite?
True
Is 1404601729 prime?
True
Is 2378101339 composite?
True
Is 171508269977 a prime number?
False
Is 2289598989 composite?
True
Is 111699931729 composite?
True
Is 74157289 a composite number?
True
Is 9016434643 a prime number?
True
Is 1409250431 a prime number?
True
Is 496971479 composite?
False
Is 19201133137 composite?
True
Is 72144346 prime?
False
Is 12060602923 prime?
True
Is 3229526513 a composite number?
True
Is 204934392647 a composite number?
False
Is 38525015 a prime number?
False
Is 14070242177 composite?
True
Is 3510877037 composite?
True
Is 107884974289 a prime number?
True
Is 26357877493 composite?
False
Is 3939946097 a composite number?
True
Is 6725340481 a composite number?
True
Is 4330958767 composite?
False
Is 1732126223 a prime number?
False
Is 8745071143 prime?
True
Is 5285056913 a prime number?
False
Is 22094844581 composite?
True
Is 4955136617 composite?
False
Is 39620378129 composite?
False
Is 2607228839 prime?
True
Is 1111718879 a composite number?
True
Is 13464788759 prime?
False
Is 243391597 a composite number?
True
Is 590224429 a composite number?
False
Is 11160625193 prime?
True
Is 1046847317 prime?
True
Is 18237445937 prime?
True
Is 113823273869 a composite number?
True
Is 393970697 prime?
True
Is 81699351967 a composite number?
True
Is 5151092159 prime?
False
Is 